{"id":22,"date":"2018-05-10T15:31:24","date_gmt":"2018-05-10T13:31:24","guid":{"rendered":"https:\/\/transpartner.com.pl\/?page_id=22"},"modified":"2018-06-19T12:51:42","modified_gmt":"2018-06-19T10:51:42","slug":"glowna","status":"publish","type":"page","link":"https:\/\/transpartner.com.pl\/","title":{"rendered":"G\u0142\u00f3wna"},"content":{"rendered":"<p>[et_pb_section fb_built=&#8221;1&#8243; fullwidth=&#8221;on&#8221; _builder_version=&#8221;3.0.47&#8243;][et_pb_fullwidth_slider _builder_version=&#8221;3.7&#8243; animation_style=&#8221;fold&#8221; auto=&#8221;on&#8221;][et_pb_slide heading=&#8221;Transport i spedycja&#8221; use_bg_overlay=&#8221;off&#8221; use_text_overlay=&#8221;off&#8221; _builder_version=&#8221;3.7&#8243; header_text_align=&#8221;right&#8221; header_text_shadow_style=&#8221;preset1&#8243; body_text_align=&#8221;right&#8221; use_background_color_gradient=&#8221;on&#8221; background_color_gradient_start=&#8221;rgba(0,0,0,0.34)&#8221; background_color_gradient_end=&#8221;rgba(0,0,0,0.34)&#8221; background_color_gradient_overlays_image=&#8221;on&#8221; background_image=&#8221;https:\/\/transpartner.com.pl\/wp-content\/uploads\/2018\/06\/IMG_20180508_133208-kopia-e1529404839608.jpg&#8221; button_on_hover=&#8221;on&#8221; text_orientation=&#8221;right&#8221; background_position=&#8221;bottom_center&#8221;]prowadzone przez ekspert\u00f3w<br \/>\n[\/et_pb_slide][et_pb_slide heading=&#8221;20 lat do\u015bwiadczenia&#8221; use_bg_overlay=&#8221;off&#8221; use_text_overlay=&#8221;off&#8221; _builder_version=&#8221;3.2&#8243; header_text_align=&#8221;right&#8221; header_text_shadow_style=&#8221;preset1&#8243; body_text_align=&#8221;right&#8221; background_image=&#8221;https:\/\/transpartner.com.pl\/wp-content\/uploads\/2018\/05\/slajd-2-test.jpg&#8221; button_on_hover=&#8221;on&#8221; text_orientation=&#8221;right&#8221;]na rynku transportowym<br \/>\n[\/et_pb_slide][et_pb_slide heading=&#8221;Niezawodno\u015b\u0107&#8221; use_bg_overlay=&#8221;off&#8221; use_text_overlay=&#8221;off&#8221; _builder_version=&#8221;3.2&#8243; header_text_shadow_style=&#8221;preset1&#8243; background_image=&#8221;https:\/\/transpartner.com.pl\/wp-content\/uploads\/2018\/05\/fotolia_143487869.jpg&#8221; button_on_hover=&#8221;on&#8221; text_orientation=&#8221;left&#8221;]na ka\u017cdym kilometrze!<br \/>\n[\/et_pb_slide][\/et_pb_fullwidth_slider][\/et_pb_section][et_pb_section fb_built=&#8221;1&#8243; _builder_version=&#8221;3.2&#8243; background_color=&#8221;#231f20&#8243; animation_style=&#8221;slide&#8221;][et_pb_row _builder_version=&#8221;3.2&#8243; background_size=&#8221;initial&#8221; background_position=&#8221;top_left&#8221; background_repeat=&#8221;repeat&#8221;][et_pb_column type=&#8221;1_2&#8243; _builder_version=&#8221;3.0.47&#8243; parallax=&#8221;off&#8221; parallax_method=&#8221;on&#8221;][et_pb_blurb title=&#8221;Transport krajowy&#8221; url=&#8221;https:\/\/transpartner.com.pl\/index.php\/transport\/&#8221; use_icon=&#8221;on&#8221; _builder_version=&#8221;3.2&#8243; header_level=&#8221;h3&#8243; header_font=&#8221;|600|||||||&#8221; header_text_color=&#8221;#F67F21&#8243; text_orientation=&#8221;center&#8221; background_layout=&#8221;dark&#8221; max_width=&#8221;67%&#8221; module_alignment=&#8221;center&#8221;] Dostosowane do Twoich potrzeb, wykonywane z\u00a0najwy\u017csz\u0105 staranno\u015bci\u0105!<br \/>\n[\/et_pb_blurb][et_pb_button button_url=&#8221;https:\/\/transpartner.com.pl\/index.php\/transport\/&#8221; button_text=&#8221;wi\u0119cej&#8221; button_alignment=&#8221;center&#8221; _builder_version=&#8221;3.2&#8243; box_shadow_style=&#8221;preset1&#8243; box_shadow_color=&#8221;#000000&#8243; background_layout=&#8221;dark&#8221; animation_style=&#8221;fold&#8221; saved_tabs=&#8221;all&#8221;][\/et_pb_button][\/et_pb_column][et_pb_column type=&#8221;1_2&#8243; _builder_version=&#8221;3.0.47&#8243; parallax=&#8221;off&#8221; parallax_method=&#8221;on&#8221;][et_pb_blurb title=&#8221;Us\u0142ugi spedycyjne&#8221; url=&#8221;https:\/\/transpartner.com.pl\/index.php\/transport\/&#8221; use_icon=&#8221;on&#8221; _builder_version=&#8221;3.2&#8243; header_level=&#8221;h3&#8243; header_font=&#8221;|600|||||||&#8221; header_text_color=&#8221;#F67F21&#8243; text_orientation=&#8221;center&#8221; background_layout=&#8221;dark&#8221; max_width=&#8221;67%&#8221; module_alignment=&#8221;center&#8221;] \u015awiadczone przez do\u015bwiadczonych specjalist\u00f3w w\u00a0swoim fachu!<br \/>\n[\/et_pb_blurb][et_pb_button button_url=&#8221;https:\/\/transpartner.com.pl\/index.php\/spedycja\/&#8221; button_text=&#8221;wi\u0119cej&#8221; button_alignment=&#8221;center&#8221; _builder_version=&#8221;3.2&#8243; box_shadow_style=&#8221;preset1&#8243; box_shadow_color=&#8221;#000000&#8243; background_layout=&#8221;dark&#8221; animation_style=&#8221;fold&#8221;][\/et_pb_button][\/et_pb_column][\/et_pb_row][\/et_pb_section][et_pb_section fb_built=&#8221;1&#8243; inner_shadow=&#8221;on&#8221; fullwidth=&#8221;on&#8221; _builder_version=&#8221;3.2&#8243; box_shadow_style=&#8221;preset6&#8243; box_shadow_color=&#8221;#000000&#8243;][et_pb_fullwidth_slider _builder_version=&#8221;3.7&#8243; background_color=&#8221;rgba(0,0,0,0)&#8221; background_image=&#8221;https:\/\/transpartner.com.pl\/wp-content\/uploads\/2018\/06\/IMG_20180615_075444-e1529405400818.jpg&#8221; parallax=&#8221;on&#8221;][et_pb_slide _builder_version=&#8221;3.7&#8243; background_color=&#8221;rgba(249,125,27,0)&#8221; custom_padding=&#8221;250px||250px|&#8221;][\/et_pb_slide][\/et_pb_fullwidth_slider][\/et_pb_section][et_pb_section fb_built=&#8221;1&#8243; _builder_version=&#8221;3.2&#8243; box_shadow_style=&#8221;preset6&#8243;][et_pb_row _builder_version=&#8221;3.0.47&#8243; background_size=&#8221;initial&#8221; background_position=&#8221;top_left&#8221; background_repeat=&#8221;repeat&#8221;][et_pb_column type=&#8221;4_4&#8243; _builder_version=&#8221;3.0.47&#8243; parallax=&#8221;off&#8221; parallax_method=&#8221;on&#8221;][et_pb_text _builder_version=&#8221;3.2&#8243; header_font=&#8221;||||||||&#8221; animation_style=&#8221;fold&#8221;]<\/p>\n<h1 style=\"text-align: center;\">O firmie<\/h1>\n<p>[\/et_pb_text][et_pb_divider divider_weight=&#8221;2px&#8221; height=&#8221;3px&#8221; disabled_on=&#8221;on|on|off&#8221; _builder_version=&#8221;3.2&#8243; max_width=&#8221;200px&#8221; module_alignment=&#8221;center&#8221; animation_style=&#8221;slide&#8221;][\/et_pb_divider][et_pb_text _builder_version=&#8221;3.2&#8243; header_font=&#8221;||||||||&#8221; max_width=&#8221;50%&#8221; module_alignment=&#8221;center&#8221; animation_style=&#8221;fold&#8221;]<\/p>\n<p style=\"text-align: center;\">Od 1998 roku TRANSPARTNER \u015bwiadczy us\u0142ugi transportowo &#8211; specydyjne dla najbardziej wymagaj\u0105cych klient\u00f3w spe\u0142niaj\u0105c\u00a0ich oczekiwania i realizuj\u0105c powierzone zlecenia na najwy\u017cszym poziomie.<\/p>\n<p>[\/et_pb_text][et_pb_button button_url=&#8221;https:\/\/transpartner.com.pl\/index.php\/o-firmie\/&#8221; button_text=&#8221;wi\u0119cej&#8221; button_alignment=&#8221;center&#8221; _builder_version=&#8221;3.2&#8243; box_shadow_style=&#8221;preset1&#8243; box_shadow_color=&#8221;#969696&#8243; background_layout=&#8221;dark&#8221; animation_style=&#8221;fold&#8221;][\/et_pb_button][\/et_pb_column][\/et_pb_row][et_pb_row _builder_version=&#8221;3.0.47&#8243; background_size=&#8221;initial&#8221; background_position=&#8221;top_left&#8221; background_repeat=&#8221;repeat&#8221;][et_pb_column type=&#8221;1_3&#8243; _builder_version=&#8221;3.0.47&#8243; parallax=&#8221;off&#8221; parallax_method=&#8221;on&#8221;][et_pb_blurb title=&#8221;elastyczne rozwi\u0105zania&#8221; image=&#8221;https:\/\/transpartner.com.pl\/wp-content\/uploads\/2018\/05\/elastyczne.png&#8221; _builder_version=&#8221;3.2&#8243; header_font=&#8221;|600|||||||&#8221; text_orientation=&#8221;center&#8221; animation_style=&#8221;fold&#8221;][\/et_pb_blurb][\/et_pb_column][et_pb_column type=&#8221;1_3&#8243; _builder_version=&#8221;3.0.47&#8243; parallax=&#8221;off&#8221; parallax_method=&#8221;on&#8221;][et_pb_blurb title=&#8221;sta\u0142y kontakt&#8221; image=&#8221;https:\/\/transpartner.com.pl\/wp-content\/uploads\/2018\/05\/24h.png&#8221; _builder_version=&#8221;3.2&#8243; header_font=&#8221;|600|||||||&#8221; text_orientation=&#8221;center&#8221; animation_style=&#8221;fold&#8221;][\/et_pb_blurb][\/et_pb_column][et_pb_column type=&#8221;1_3&#8243; _builder_version=&#8221;3.0.47&#8243; parallax=&#8221;off&#8221; parallax_method=&#8221;on&#8221;][et_pb_blurb title=&#8221;indywidualne podej\u015bcie&#8221; image=&#8221;https:\/\/transpartner.com.pl\/wp-content\/uploads\/2018\/05\/indywidualne.png&#8221; _builder_version=&#8221;3.2&#8243; header_font=&#8221;|600|||||||&#8221; text_orientation=&#8221;center&#8221; animation_style=&#8221;fold&#8221;][\/et_pb_blurb][\/et_pb_column][\/et_pb_row][\/et_pb_section][et_pb_section fb_built=&#8221;1&#8243; _builder_version=&#8221;3.2&#8243; background_image=&#8221;https:\/\/transpartner.com.pl\/wp-content\/uploads\/2018\/05\/fotolia_143487869.jpg&#8221; parallax=&#8221;on&#8221; box_shadow_style=&#8221;preset6&#8243; box_shadow_blur=&#8221;59px&#8221; box_shadow_spread=&#8221;5px&#8221; box_shadow_color=&#8221;#000000&#8243; animation_style=&#8221;fade&#8221;][et_pb_row custom_padding=&#8221;30.375px|0px|0|0px|false|false&#8221; _builder_version=&#8221;3.0.47&#8243; background_size=&#8221;initial&#8221; background_position=&#8221;top_left&#8221; background_repeat=&#8221;repeat&#8221;][et_pb_column type=&#8221;4_4&#8243; _builder_version=&#8221;3.0.47&#8243; parallax=&#8221;off&#8221; parallax_method=&#8221;on&#8221;][et_pb_gallery gallery_ids=&#8221;47,57,58,60&#8243; show_title_and_caption=&#8221;off&#8221; show_pagination=&#8221;off&#8221; _builder_version=&#8221;3.2&#8243; border_radii_image=&#8221;on|3px|3px|3px|3px&#8221; box_shadow_style_image=&#8221;preset1&#8243; box_shadow_color_image=&#8221;#000000&#8243; animation_style=&#8221;fold&#8221;][\/et_pb_gallery][\/et_pb_column][\/et_pb_row][\/et_pb_section]<\/p>\n","protected":false},"excerpt":{"rendered":"<p>prowadzone przez ekspert\u00f3w na rynku transportowym na ka\u017cdym kilometrze! Dostosowane do Twoich potrzeb, wykonywane z\u00a0najwy\u017csz\u0105 staranno\u015bci\u0105! \u015awiadczone przez do\u015bwiadczonych specjalist\u00f3w w\u00a0swoim fachu! O firmie Od 1998 roku TRANSPARTNER \u015bwiadczy us\u0142ugi transportowo &#8211; specydyjne dla najbardziej wymagaj\u0105cych klient\u00f3w spe\u0142niaj\u0105c\u00a0ich oczekiwania i realizuj\u0105c powierzone zlecenia na najwy\u017cszym poziomie.<\/p>\n","protected":false},"author":1,"featured_media":0,"parent":0,"menu_order":0,"comment_status":"closed","ping_status":"closed","template":"","meta":{"_et_pb_use_builder":"on","_et_pb_old_content":"","_et_gb_content_width":"","footnotes":""},"_links":{"self":[{"href":"https:\/\/transpartner.com.pl\/index.php?rest_route=\/wp\/v2\/pages\/22"}],"collection":[{"href":"https:\/\/transpartner.com.pl\/index.php?rest_route=\/wp\/v2\/pages"}],"about":[{"href":"https:\/\/transpartner.com.pl\/index.php?rest_route=\/wp\/v2\/types\/page"}],"author":[{"embeddable":true,"href":"https:\/\/transpartner.com.pl\/index.php?rest_route=\/wp\/v2\/users\/1"}],"replies":[{"embeddable":true,"href":"https:\/\/transpartner.com.pl\/index.php?rest_route=%2Fwp%2Fv2%2Fcomments&post=22"}],"version-history":[{"count":28,"href":"https:\/\/transpartner.com.pl\/index.php?rest_route=\/wp\/v2\/pages\/22\/revisions"}],"predecessor-version":[{"id":245,"href":"https:\/\/transpartner.com.pl\/index.php?rest_route=\/wp\/v2\/pages\/22\/revisions\/245"}],"wp:attachment":[{"href":"https:\/\/transpartner.com.pl\/index.php?rest_route=%2Fwp%2Fv2%2Fmedia&parent=22"}],"curies":[{"name":"wp","href":"https:\/\/api.w.org\/{rel}","templated":true}]}}